{"id":64,"date":"2013-10-12T18:43:30","date_gmt":"2013-10-12T15:43:30","guid":{"rendered":"http:\/\/www.masmoudi.fi\/?page_id=64"},"modified":"2025-04-23T19:53:40","modified_gmt":"2025-04-23T16:53:40","slug":"jasenyys","status":"publish","type":"page","link":"http:\/\/www.masmoudi.fi\/?page_id=64","title":{"rendered":"J\u00e4senyys"},"content":{"rendered":"\n<div class=\"wp-block-columns is-layout-flex wp-container-core-columns-is-layout-9d6595d7 wp-block-columns-is-layout-flex\">\n<div class=\"wp-block-column is-layout-flow wp-block-column-is-layout-flow\" style=\"flex-basis:100%\">\n<p><a href=\"http:\/\/www.masmoudi.fi\/wp-content\/uploads\/2024\/04\/jasenyys_sivulle-scaled.jpg\"><img loading=\"lazy\" decoding=\"async\" class=\"aligncenter  wp-image-964\" src=\"http:\/\/www.masmoudi.fi\/wp-content\/uploads\/2024\/04\/jasenyys_sivulle-300x200.jpg\" alt=\"\" width=\"530\" height=\"353\" srcset=\"http:\/\/www.masmoudi.fi\/wp-content\/uploads\/2024\/04\/jasenyys_sivulle-300x200.jpg 300w, http:\/\/www.masmoudi.fi\/wp-content\/uploads\/2024\/04\/jasenyys_sivulle-1024x683.jpg 1024w, http:\/\/www.masmoudi.fi\/wp-content\/uploads\/2024\/04\/jasenyys_sivulle-768x512.jpg 768w, http:\/\/www.masmoudi.fi\/wp-content\/uploads\/2024\/04\/jasenyys_sivulle-1536x1024.jpg 1536w\" sizes=\"auto, (max-width: 530px) 100vw, 530px\" \/><\/a><\/p>\n<p><span style=\"color: #333333;\">Masmoudi ry:n j\u00e4seneksi voi liitty\u00e4 jokainen asiasta kiinnostunut.<\/span><br \/><span style=\"color: #333333;\"> J\u00e4senmaksu on 20 euroa, ja se perit\u00e4\u00e4n kalenterivuosittain kev\u00e4\u00e4ll\u00e4.<\/span><\/p>\n<p><span style=\"color: #000000;\">Tietosuojaselosteen voit lukea <a style=\"color: #000000;\" href=\"https:\/\/drive.google.com\/open?id=1epOi9KOnOEBsnCh1KGCJiJ4Lquf9eSt4\">t\u00e4\u00e4lt\u00e4.<\/a><\/span><\/p>\n<h3><span style=\"color: #000000;\">J\u00e4senedut<\/span><\/h3>\n<ul>\n<li style=\"list-style-type: none;\">\n<ul>\n<li><span style=\"color: #333333;\">2\u20133 j\u00e4sentiedotetta, joissa kerrotaan tulevista tapahtumista:\u00a0kursseista, j\u00e4senilloista ja mahdollisista matkoista<\/span><\/li>\n<li><span style=\"color: #333333;\">Alennus<\/span>\n<ul>\n<li><span style=\"color: #333333;\">yhdistyksen j\u00e4rjest\u00e4mist\u00e4 tanssikursseista<\/span><\/li>\n<li><span style=\"color: #333333;\">j\u00e4senilloista ja matkoista<\/span><\/li>\n<\/ul>\n<\/li>\n<\/ul>\n<\/li>\n<\/ul>\n<h3><span style=\"color: #000000;\">J\u00e4senmaksun maksaminen<\/span><\/h3>\n<p><span style=\"color: #000000;\">Maksu suoritetaan yhdistyksen tilille\u00a0 FI82 5094 2720 0064 53.<\/span><\/p>\n<p><span style=\"color: #000000;\"> K\u00e4yt\u00e4 maksamisen yhteydess\u00e4 viitenumeroa, joka on \u00a0on j\u00e4sennumerosi (j\u00e4senkirjeen osoitetarrassa).<\/span><\/p>\n<p><span style=\"color: #000000;\">Uudet j\u00e4senet:\u00a0<\/span><span style=\"color: #000000;\">Kirjoita viestikentt\u00e4\u00e4n: uusi j\u00e4sen \/ oma nimi.<\/span><\/p>\n<p><span style=\"color: #000000;\">J\u00e4senmaksu vuodelle 2025 on 20 euroa.<\/span><\/p>\n\n\n\n<p class=\"has-small-font-size\"><em>Kuva Jani Kuittinen<\/em><\/p>\n<\/div>\n<\/div>\n\n\n\n<p><\/p>\n","protected":false},"excerpt":{"rendered":"<p>Masmoudi ry:n j\u00e4seneksi voi liitty\u00e4 jokainen asiasta kiinnostunut. J\u00e4senmaksu on 20 euroa, ja se perit\u00e4\u00e4n kalenterivuosittain kev\u00e4\u00e4ll\u00e4. Tietosuojaselosteen voit lukea t\u00e4\u00e4lt\u00e4. J\u00e4senedut 2\u20133 j\u00e4sentiedotetta, joissa kerrotaan tulevista tapahtumista:\u00a0kursseista, j\u00e4senilloista ja mahdollisista matkoista Alennus yhdistyksen j\u00e4rjest\u00e4mist\u00e4 tanssikursseista j\u00e4senilloista ja matkoista J\u00e4senmaksun maksaminen Maksu suoritetaan yhdistyksen tilille\u00a0 FI82 5094 2720 0064 53. K\u00e4yt\u00e4 maksamisen yhteydess\u00e4 viitenumeroa, joka &hellip; <\/p>\n<p class=\"link-more\"><a href=\"http:\/\/www.masmoudi.fi\/?page_id=64\" class=\"more-link\">Jatka lukemista<span class=\"screen-reader-text\"> &#8221;J\u00e4senyys&#8221;<\/span><\/a><\/p>\n","protected":false},"author":1,"featured_media":0,"parent":0,"menu_order":2,"comment_status":"closed","ping_status":"closed","template":"page-full_width.php","meta":{"footnotes":""},"class_list":["post-64","page","type-page","status-publish","hentry"],"_links":{"self":[{"href":"http:\/\/www.masmoudi.fi\/index.php?rest_route=\/wp\/v2\/pages\/64","targetHints":{"allow":["GET"]}}],"collection":[{"href":"http:\/\/www.masmoudi.fi\/index.php?rest_route=\/wp\/v2\/pages"}],"about":[{"href":"http:\/\/www.masmoudi.fi\/index.php?rest_route=\/wp\/v2\/types\/page"}],"author":[{"embeddable":true,"href":"http:\/\/www.masmoudi.fi\/index.php?rest_route=\/wp\/v2\/users\/1"}],"replies":[{"embeddable":true,"href":"http:\/\/www.masmoudi.fi\/index.php?rest_route=%2Fwp%2Fv2%2Fcomments&post=64"}],"version-history":[{"count":31,"href":"http:\/\/www.masmoudi.fi\/index.php?rest_route=\/wp\/v2\/pages\/64\/revisions"}],"predecessor-version":[{"id":1031,"href":"http:\/\/www.masmoudi.fi\/index.php?rest_route=\/wp\/v2\/pages\/64\/revisions\/1031"}],"wp:attachment":[{"href":"http:\/\/www.masmoudi.fi\/index.php?rest_route=%2Fwp%2Fv2%2Fmedia&parent=64"}],"curies":[{"name":"wp","href":"https:\/\/api.w.org\/{rel}","templated":true}]}}